ulate y(w).
8
Let b(n) = 13*n - 6. Let w(v) = -v + 1. Let i(x) = -b(x) - 6*w(x). Determine i(1).
-7
Let a(w) = -w**2 - w. Let k(t) = -2*t**2 - 8*t - 6. Let b(c) = -a(c) + k(c). Give b(-6).
0
Let m(b) = -2*b**3 + 3*b**3 - 198*b + 105*b + 101*b - 8*b**2 - 5. Let u = -3 - -10. Calculate m(u).
2
Let j = 62 - 65. Let r(y) = 5*y + 3. Give r(j).
-12
Let x(g) = g**2 + 6*g + 3. Suppose 0 = -82*o + 78*o - 20. Give x(o).
-2
Suppose -4*r + 4*g + 0*g = 8, -3*r - g = 2. Let z(h) = 2*h**3 - 2*h**2 + 1. What is z(r)?
-3
Let h(t) = -t**3 - 3*t**2 - t + 1. Let b(v) = -3*v - 12. Let i(x) = 16*x + 60. Let j(z) = 11*b(z) + 2*i(z). Let u be j(-9). Calculate h(u).
4
Let u(q) = -5*q + 4. Suppose n = 2*f, 2*n + 4*f - 12 - 4 = 0. Let g = n - 1. What is u(g)?
-11
Let c(g) = 3*g**3 - g**2 - 3*g - 2. Let u be c(-1). Let b(f) = -3 - 1 - 5*f + 2*f. Give b(u).
5
Suppose -4*f + 6 - 26 = 0. Let h(m) = m**2 + 4*m + 6. Give h(f).
11
Let m(a) = 8*a**2 + 13*a. Let f(g) = -4*g**2 - 7*g. Let l(i) = 11*f(i) + 6*m(i). Calculate l(1).
5
Let d(n) be the second derivative of n**4/12 - n**3/2 + 3*n**2/2 - 30*n. Determine d(3).
3
Let w(u) = -u**2 + 6*u - 2. Let k be 1/2*32/(-2). Let t(d) = d**3 + 8*d**2 + 3*d + 12. Let p be t(k). Let m = -8 - p. Determine w(m).
6
Let x = 2 - 0. Let k(u) = -u**2 - 4*u + 7. Let v be k(-5). Let g(j) = -1 - x - 2 + 4*j + v. Calculate g(2).
5
Let b(i) be the second derivative of -7*i**5/120 - i**4/24 + 2*i**3/3 - 2*i. Let j(r) be the second derivative of b(r). Give j(1).
-8
Let k(p) = -p - 6. Let h be (-48)/28 - (-6)/(-21). Let a be k(h). Let g(r) = 4*r + 4. Calculate g(a).
-12
Let t(m) be the second derivative of m**4/12 + m**3/6 - m**2 - m. Suppose 4*y - 2 = 3*y. Suppose 0 = 6*u - 7*u - y. Give t(u).
0
Let v(j) be the second derivative of -9*j - 1/6*j**3 + 0 - 9/2*j**2. Give v(-4).
-5
Let f(g) = 2*g - 2. Let j = -6 - -26. Suppose -j = -4*z - 4*l, -2*z + 3*l = -2 - 3. Calculate f(z).
6
Let z(v) be the second derivative of 0 + 0*v**2 + 1/12*v**4 - 6*v + 2/3*v**3. Suppose -11 = 3*q + 1. Give z(q).
0
Let o(k) = -6*k**2 - 4*k + 8. Let y(j) = 7*j**2 + 5*j - 8. Let p(t) = 6*o(t) + 5*y(t). Determine p(0).
8
Let m(o) = -5*o**2 + 16*o - 25. Let b(q) = -q**2 + 4*q - 6. Suppose 2*g - 20 = u - 5*u, 5*g - 2*u - 2 = 0. Let n(t) = g*m(t) - 9*b(t). Calculate n(-4).
4
Let z(h) = 4*h**3 - 4*h**2 + 8. Let k(y) be the third derivative of y**6/40 - y**5/15 + 7*y**3/6 + 2*y**2. Let n(w) = -5*k(w) + 4*z(w). Determine n(-3).
6
Suppose -2*x + 5*p = 3*x + 15, -p + 1 = -2*x. Let r be (0/1)/x - -2. Let q(y) = -4*y**2 + 3*y**2 + 0*y**r + 2*y**3. What is q(-1)?
-3
Let i(c) = 2*c - 35. Let v be i(18). Let q(p) = p + 1. What is q(v)?
2
Let n(a) = 2*a**2 + 2*a + 4. Let t(c) = -c**2 - c - 2. Let o(y) = 6*n(y) + 13*t(y). Determine o(-2).
-4
Let v(k) = -7*k**2 + 2 - 4 - 4 - 5*k + 8*k**2. What is v(6)?
0
Suppose 0 = 2*r + 3*r - 45. Let l be ((-12)/r)/((-4)/6). Let q(a) = -4*a**l + 3 - 1 + 2*a**2 + a**2. Give q(0).
2
Suppose -2*f = 2*f - 4. Let t(w) be the first derivative of -w**4 + w**2 - w + 17. What is t(f)?
-3
Suppose -9*c = -6*c + 9. Let g(i) = -i - 3. Calculate g(c).
0
Let r(z) = -z - 5. Let k(v) = 5*v - 8. Let f(c) = -3*c + 4. Let t(p) = 7*f(p) + 4*k(p). Let j(a) = 5*r(a) - 6*t(a). Suppose -15*u - 20 = -19*u. What is j(u)?
4
Let z(v) = v**2 + 5*v. Let f be z(-4). Let a(w) = -w**3 - 4*w**2 - w - 3. Determine a(f).
1
Let s(h) be the first derivative of 1/12*h**4 - h**2 + 2 - 3*h - 1/2*h**3. Let l(b) be the first derivative of s(b). Give l(3).
-2
Let l = 9 + -3. Let m(k) = -3*k**3 - 17*k**2 + 7*k - 9. Let p(c) = -5*c**3 - 26*c**2 + 11*c - 13. Let z(a) = 8*m(a) - 5*p(a). Give z(l).
-1
Let z(j) be the second derivative of j + 0 + 0*j**2 - 1/6*j**3. What is z(1)?
-1
Let q be (-2 + 1/(-2))*2. Let i(v) = v - 10*v**2 - 6*v - 13*v**2 + 22*v**2 + 7. Determine i(q).
7
Let i(p) = -p**3 - 3*p**2 - 2*p + 5. Let s(z) = z**3 + 4*z**2 + z - 6. Let f(h) = 2*i(h) + 3*s(h). Let k(g) = -2*g + 4. Let a be k(5). Give f(a).
-2
Suppose 6*l = p + 2*l - 10, -3*l + 4 = 5*p. Let k(d) = -6*d**p - d**3 + 5 - 12 + 9. Give k(-6).
2
Let p(h) = -h**2 - 4*h. Suppose -4*d = -5*d. Let x be (-6 - d) + (-2)/(-1). Give p(x).
0
Let m(n) be the third derivative of -n**4/24 - 8*n**3/3 + n**2 - 8*n. Give m(-11).
-5
Suppose -3*r = 1 + 14. Let l(q) = -q**3 - q**2 - 1. Let o be l(-2). Let i(x) = 2*x**o - x**3 + 6*x + 6 + 7*x**2 + 3*x**2 - 4*x**2. Give i(r).
1
Let v(l) = l**2 - 8*l + 5. Let h = 3 - -3. What is v(h)?
-7
Suppose -h = 2*g - 3*h + 6, 4*g = h - 3. Let b(q) = 5*q**2 - 7*q - 5. Let l(a) = -1 - 3*a + a**2 - 3*a + 5*a. Let n(i) = -b(i) + 6*l(i). Determine n(g).
-1
Let n(m) = 2*m**2 - 12*m + 4. Let v be n(5). Let a(d) = -d**3 - 5*d**2 + 7*d + 7. Calculate a(v).
1
Let n(q) = 2*q - 1. Let h(u) = u**3 + 2*u**2 - u - 4. Let t be h(-2). Determine n(t).
-5
Let y(p) = -9*p + 3. Let v(s) = 2*s - 1. Let r(z) = -21*v(z) - 5*y(z). Let u(n) = -2*n - 3. Let a(w) = 3*r(w) + 5*u(w). What is a(3)?
0
Let k(h) be the second derivative of -h**7/1260 + h**6/240 - h**5/60 + h**4/6 + 3*h. Let l(y) be the third derivative of k(y). Determine l(2).
-4
Suppose 2*m - m = 10. Let w be (-13 - 2)*4/m. Let c(u) = -u**3 - 5*u**2 + 4*u - 8. What is c(w)?
4
Suppose -a - 2 + 4 = 0. Suppose -a = -5*n + 18. Let c(r) = 5*r**2 - 6*r - 1. Let q(k) = 3*k**2 - 3*k - 1. Let z(i) = n*c(i) - 7*q(i). What is z(-3)?
3
Let z(t) be the first derivative of -t - 4*t**2 + 1 - 5/3*t**3. Let d(a) = 14*a**2 + 24*a + 2. Let v(n) = 6*d(n) + 17*z(n). Determine v(5).
10
Suppose 2*z = -3*d, 5*z = 2*z + 3*d. Let k be 0/(z - -2) + 3. Suppose 7 = k*t - 11. Let o(b) = -b**2 + 8*b - 7. What is o(t)?
5
Let i(g) = -g**3 + 3*g**2 - 3*g - 3. Let l(s) = -s. Let u(n) = i(n) - 6*l(n). Suppose 3*k - 30 = -2*v, 3*v - 7*v - 5*k = -58. Suppose v = f + 3*f. What is u(f)?
6
Let h(z) = 8*z**2 - z + 4*z**2 - z + 1 - 5*z**2. Calculate h(1).
6
Let j(d) = d + 1. Let m(u) = u**3 - 2*u**2 - 5*u - 1. Let g be m(-2). Determine j(g).
-6
Let x be (4/(-14))/(3/(-42)). Let g(p) = 3*p + 2. Give g(x).
14
Let m(j) = -j**2 + 4*j - 1. Let r be (42/18 - (0 - -1))*3. Determine m(r).
-1
Let h(t) be the first derivative of -7*t - 1/2*t**2 + 3. What is h(-3)?
-4
Let o(l) = l**3 + 8*l**2 + 8*l - 3. Suppose -4*a + 5 = 33. Determine o(a).
-10
Let b(i) be the first derivative of i**3 - i**2/2 + 1. Let j be ((-3)/(-3 + 6))/(-1). Suppose -3*x = f + x - 3, -j = -2*f - 3*x. What is b(f)?
4
Suppose -2*l = -4*l - 8. Suppose 3*x = 3*g - 2*x + 9, -g + 3*x = 7. Let j(o) = o**2 - 6 + 6*o**2 - 3*o**g - 3*o + o**3. Determine j(l).
6
Let p(b) = b**2. Let x be p(-2). Let w(n) = -7 + 1 + n - 2 - 1. Determine w(x).
-5
Let s(b) = b + 1. Let a(h) = h**3 + 6*h**2 - h - 2. Let c be a(-6). Give s(c).
5
Suppose -46 = -4*j + 14. Suppose 8 = 11*h - j*h. Let o(l) = -2*l - 1. Determine o(h).
3
Let n(x) = -x**3 - 2*x**2 + 3*x + 2. Let q be n(-3). Let i(h) = -h**2 - h**3 + 2*h**q + 0*h**3. Let m = -9 - -9. What is i(m)?
0
Let z(v) = -6*v**3 + 15*v**2 + 15*v + 17. Let l(h) = 5*h**3 - 14*h**2 - 14*h - 16. Let i(y) = 7*l(y) + 6*z(y). Calculate i(-7).
-3
Let s(p) = -p**3 + 6*p**2 - 5*p - 4. Let b(d) = -d**2 + 9*d - 3. Let i be b(8). Calculate s(i).
-4
Let w = 36 - 29. Let d(q) = q**3 - 8*q**2 + 6*q - 2. Give d(w).
-9
Let l = -31 + 39. Let p(o) = -o**3 + 7*o**2 + 8*o + 6. What is p(l)?
6
Let r(b) = b**3 + 2*b**2 - 6*b + 5. Let u(w) = 3*w**3 + 4*w**2 - 13*w + 11. Let j(f) = -5*r(f) + 2*u(f). What is j(2)?
5
Let w be (5 - 1)/(0 - -2). Suppose -8 = -4*o + 2*f, -3*o + 4*f = -o + w. Let z(p) = -2*p**2 + 1 + p - 3 + p**3 - 2*p**o - p**3. Calculate z(-2).
4
Let i(p) be the second derivative of -p**3/2 + 270*p. Let a(h) = h**3 - 4*h**2 + h - 5. Let o be a(4). What is i(o)?
3
Suppose 24 = -2*x - 2*x. Let z(l) = -l**3 - 5*l**2 + 4*l - 6. Calculate z(x).
6
Let f(s) = -s**3 + 5*s**2 - 4*s + 6. Suppose 3*w + 0 = -2*i + 9, -12 = 4*i. Suppose 3*n = -3*z + 2*z + 7, -4*n - 9 = w*z. Give f(n).
6
Let a(n) = n**2 + 6*n + 6. Let c be 3 + (1 - (1 + 25)). Let s = c - -16. What is a(s)?
6
Let a be ((-3)/(-2))/((-1)/(-8)). Let s = a + -20. Let t = s - -5. Let n(k) = -k**3 - 2*k**2 - 2. Give n(t).
7
Let d(t) = -1 + 2*t - 2*t + 2*t - t. Determine d(-5).
-6
Let b(k) = 1 + 4 + 10*k - 3*k - 2. Let j(q) = 7*q**3 + 2*q**2 - 1. Let p be j(-1). Let i(g) = 20*g + 9. Let r(y) = p*i(y) + 17*b(y). G